{"id":1878,"date":"2023-12-19T14:29:00","date_gmt":"2023-12-19T14:29:00","guid":{"rendered":"https:\/\/carlac.es\/?page_id=1878"},"modified":"2025-10-14T13:57:45","modified_gmt":"2025-10-14T13:57:45","slug":"cumplimiento-legal","status":"publish","type":"page","link":"https:\/\/carlac.es\/?page_id=1878","title":{"rendered":"Cumplimiento legal"},"content":{"rendered":"\t\t<div data-elementor-type=\"wp-page\" data-elementor-id=\"1878\" class=\"elementor elementor-1878\">\n\t\t\t\t<div class=\"elementor-element elementor-element-a88a9a7 e-con-full e-flex rael-particle-no e-con e-parent\" data-id=\"a88a9a7\" data-element_type=\"container\" data-e-type=\"container\">\n\t\t\t\t<div class=\"elementor-element elementor-element-dc7a9cc elementor-widget__width-initial elementor-widget elementor-widget-text-editor\" data-id=\"dc7a9cc\" data-element_type=\"widget\" data-e-type=\"widget\" data-widget_type=\"text-editor.default\">\n\t\t\t\t<div class=\"elementor-widget-container\">\n\t\t\t\t\t\t\t\t\t<p>CUMPLIMIENTO LEGAL<\/p><p>EXCLUSIVAS CARLAC, S.L. es una empresa comprometida con el comportamiento \u00e9tico y socialmente responsable, el cual se encuentra presente en todas y cada una de sus decisiones y \u00e1reas de actuaci\u00f3n, con especial respeto a los derechos humanos, los derechos laborales y a las libertades de las personas.<\/p><p>El reflejo de este compromiso de cultura de cumplimiento y voluntad de prevenci\u00f3n de todo tipo de riesgos de alcance penal, se halla en la dotaci\u00f3n de un sistema de prevenci\u00f3n de riesgos penales en EXCLUSIVAS CARLAC, S.L. , as\u00ed como en la adopci\u00f3n de su Manual de <em>Compliance<\/em>\u00a0(Pol\u00edtica de\u00a0<em>Compliance<\/em>), C\u00f3digo \u00c9tico y normativa interna que los desarrolla.<\/p><p>La Pol\u00edtica de\u00a0<em>Compliance<\/em> de EXCLUSIVAS CARLAC, S.L. tiene como objetivo la identificaci\u00f3n y prevenci\u00f3n de riesgos de alcance penal, as\u00ed como el cumplimiento normativo en todos los \u00e1mbitos de actividad, incluyendo las exigencias legales, la normativa interna de la empresa, as\u00ed como los est\u00e1ndares del buen gobierno corporativo y las mejores pr\u00e1cticas empresariales.<\/p><p>El C\u00f3digo \u00c9tico de EXCLUSIVAS CARLAC, S.L. recoge los principios y valores que deben presidir la actuaci\u00f3n de la empresa y de todos sus empleados y empleadas, estableciendo un conjunto de principios y pautas de conducta en el desarrollo de su actividad y con independencia de su nivel jer\u00e1rquico, de su ubicaci\u00f3n geogr\u00e1fica o funcional, con el fin de procurar un comportamiento profesional \u00e9tico, responsable y de transparencia en todos los \u00e1mbitos de actuaci\u00f3n. Asimismo, el C\u00f3digo \u00c9tico de EXCLUSIVAS CARLAC, S.L. debe ser una referencia para todos aquellos terceros que tengan relaci\u00f3n, colaboren o contraten con la empresa.<\/p><p>EXCLUSIVAS CARLAC, S.L. proporciona un canal de comunicaci\u00f3n espec\u00edfico que sirve de instrumento para que todas aquellas personas que tengan conocimiento, en un contexto laboral o profesional, de la realizaci\u00f3n de cualquier infracci\u00f3n en EXCLUSIVAS CARLAC, S.L. , la puedan poner en conocimiento (incluso de forma an\u00f3nima) al Responsable del Sistema a trav\u00e9s de los siguientes canales de comunicaci\u00f3n del Canal \u00c9tico que EXCLUSIVAS CARLAC, S.L. tiene habilitados al efecto:<\/p><p>&#8211;\u00a0\u00a0\u00a0\u00a0\u00a0\u00a0\u00a0\u00a0\u00a0\u00a0A trav\u00e9s de la direcci\u00f3n de correo electr\u00f3nico:\u00a0<a href=\"mailto:canaletico@disbasegrup.com\">canaletico@disbasegrup.com<\/a><\/p><p>&#8211;\u00a0\u00a0\u00a0\u00a0\u00a0\u00a0\u00a0\u00a0\u00a0\u00a0V\u00eda correo postal a la siguiente direcci\u00f3n: Afores s\/n, 17183 Sant Dalmai (Vilob\u00ed d\u2019Onyar), Girona (a la atenci\u00f3n exclusiva del Responsable del Sistema (Canal \u00c9tico) de DISBASE) o;<\/p><p>&#8211;\u00a0\u00a0\u00a0\u00a0\u00a0\u00a0\u00a0\u00a0\u00a0\u00a0Mediante solicitud de reuni\u00f3n presencial con el Responsable del Sistema.<\/p><ul><li>Lea\u00a0<u><a href=\"https:\/\/carlac.es\/?page_id=1907\">aqu\u00ed<\/a> <\/u>nuestro C\u00f3digo \u00c9tico<\/li><li>Lea\u00a0<a href=\"https:\/\/carlac.es\/?page_id=1895\"><u>aqu\u00ed <\/u><\/a>nuestra Pol\u00edtica de funcionamiento del Canal \u00c9tico<\/li><\/ul>\t\t\t\t\t\t\t\t<\/div>\n\t\t\t\t<\/div>\n\t\t\t\t<\/div>\n\t\t\t\t<\/div>\n\t\t","protected":false},"excerpt":{"rendered":"<p>CUMPLIMIENTO LEGAL EXCLUSIVAS CARLAC, S.L. es una empresa comprometida con el comportamiento \u00e9tico y socialmente responsable, el cual se encuentra presente en todas y cada una de sus decisiones y \u00e1reas de actuaci\u00f3n, con especial respeto a los derechos humanos, los derechos laborales y a las libertades de las personas. El reflejo de este compromiso [&hellip;]<\/p>\n","protected":false},"author":1,"featured_media":0,"parent":0,"menu_order":0,"comment_status":"closed","ping_status":"closed","template":"","meta":{"footnotes":""},"class_list":["post-1878","page","type-page","status-publish","hentry"],"_links":{"self":[{"href":"https:\/\/carlac.es\/index.php?rest_route=\/wp\/v2\/pages\/1878","targetHints":{"allow":["GET"]}}],"collection":[{"href":"https:\/\/carlac.es\/index.php?rest_route=\/wp\/v2\/pages"}],"about":[{"href":"https:\/\/carlac.es\/index.php?rest_route=\/wp\/v2\/types\/page"}],"author":[{"embeddable":true,"href":"https:\/\/carlac.es\/index.php?rest_route=\/wp\/v2\/users\/1"}],"replies":[{"embeddable":true,"href":"https:\/\/carlac.es\/index.php?rest_route=%2Fwp%2Fv2%2Fcomments&post=1878"}],"version-history":[{"count":23,"href":"https:\/\/carlac.es\/index.php?rest_route=\/wp\/v2\/pages\/1878\/revisions"}],"predecessor-version":[{"id":2491,"href":"https:\/\/carlac.es\/index.php?rest_route=\/wp\/v2\/pages\/1878\/revisions\/2491"}],"wp:attachment":[{"href":"https:\/\/carlac.es\/index.php?rest_route=%2Fwp%2Fv2%2Fmedia&parent=1878"}],"curies":[{"name":"wp","href":"https:\/\/api.w.org\/{rel}","templated":true}]}}